*k. What is u(1)?
6
Let y(j) be the third derivative of -j**6/720 + j**5/60 - j**4/12 - 7*j**2. Let c(v) be the second derivative of y(v). Give c(0).
2
Let x(a) = -a + 1. Let z(f) = -8. Let l(o) = -x(o) + z(o). Suppose -2*h - 2*c + 6 = 2*h, 0 = 5*h - 3*c - 35. What is l(h)?
-5
Let d(c) = -3*c + 5. Suppose 3*y - 48 = -y. Let a be 8/12*y - -4. Suppose 4*b + a = -4. What is d(b)?
17
Let z be (9/(-12))/(3/24). Let w(g) = g**3 + 6*g**2 + g + 4. Calculate w(z).
-2
Let d(o) = -o**2 - 2*o + 3. Let x = 11 + -11. Suppose 9 = 3*n + 3*c, x = -2*c - 2*c. Give d(n).
-12
Let j(x) = -x + 5. Let m(d) = -1. Let v(r) = j(r) + 3*m(r). Let n be (-40)/4*1/(-2). What is v(n)?
-3
Let q(k) = -k**2 - 4*k + 3. Let g be 8/(-3)*(-7)/((-28)/12). Determine q(g).
-29
Let d(a) = -a**2 + 13*a - 10. Let w be 53/(-159) - (-37)/3. Give d(w).
2
Let d(f) = -f**2 + f + 1. Let v(s) = -14*s**2 - s. Let m(g) = d(g) + v(g). Calculate m(-1).
-14
Let i(l) be the first derivative of l**6/120 - l**5/12 - l**4/24 + l**2/2 - 2*l + 18. Let u(x) be the second derivative of i(x). Calculate u(4).
-20
Let f(x) be the third derivative of -x**5/60 + 3*x**4/4 + 43*x**3/6 + 78*x**2. Determine f(20).
3
Let j(n) be the third derivative of n**4/24 + 7*n**3/2 - 3*n**2 - 65*n. Give j(-5).
16
Suppose 5*t - 10 = 0, -5*o - t + 86 = 19. Let k = 17 - o. Let x(a) = 0*a + 1 + 7*a**2 + k*a - 3*a + a**2. Give x(-1).
8
Suppose -5 = 3*v + 31. Let w be 176/14 - (-9)/21. Let z = v + w. Let y(q) = -7*q**2 + q - 1. Calculate y(z).
-7
Let s(f) be the third derivative of -f**4/24 - f**3/3 - f**2. Let b = -429 + 429. Calculate s(b).
-2
Let w be 0*-1*8/16. Let a(v) = -v**2 + 7. What is a(w)?
7
Let l(z) = z**3 + 8*z**2 + 6*z + 7. Let a(o) = 3*o**3 + 23*o**2 + 17*o + 24. Let t(v) = 3*a(v) - 10*l(v). What is t(-10)?
-8
Let n(q) be the first derivative of -q**4/4 - 4*q**3/3 + 4*q**2 - 3*q + 127. What is n(-6)?
21
Let a(m) = 21*m. Let p(t) = 68*t. Let k(i) = 10*a(i) - 3*p(i). Let j(b) = b - 4. Let g be j(3). Let w be 2 + -2 + 0 - g. What is k(w)?
6
Suppose 0 = -2*a - 99 + 103. Let o(p) = 3 - 90*p**2 + 91*p**a - 4 - 2 - 4*p. Suppose -4*j = 6 - 34. Calculate o(j).
18
Let u(d) = d**3 + 3*d**2 - 6*d - 6. Let o(t) = t**2 + 25*t + 20. Let m be o(-24). What is u(m)?
2
Let x be 246/3600*5 + 2/(-6). Let l(z) be the third derivative of -5/24*z**4 - 1/15*z**5 - x*z**6 - z**3 + 0*z + 4*z**2 + 0. Calculate l(-4).
14
Let t(j) be the third derivative of -j**6/120 + 7*j**4/24 - 5*j**3/3 - j**2 - 501*j. Determine t(2).
-4
Suppose 3*z + c - 13 = 0, 0*c - 2*c - 28 = -3*z. Let j(b) = 7 + 4*b - b**3 - z*b - 6*b**2 + 0*b. Determine j(-5).
-8
Let n(t) be the third derivative of -2*t**5/15 + t**3/6 - 2*t**2. Let l be 4 - (-14 - -2)/(-4). Calculate n(l).
-7
Let x = -3 + 8. Let q = x - 3. Let s(z) = q*z - 2*z + z**2 + z - 3 + 0*z**2. Give s(0).
-3
Suppose 3*j + t = 17, 0*j - 36 = -4*j + 2*t. Let y(i) = -8*i - j*i - 4 + 12*i. What is y(-4)?
8
Let o(z) be the first derivative of -z**2 + 2*z - 58. Determine o(-2).
6
Let u be (3/(-4))/(1/8). Let b(p) be the first derivative of p**5/60 + p**4/8 - 5*p**3/3 + 7. Let m(d) be the third derivative of b(d). Calculate m(u).
-9
Let q(f) = 3 + 43*f - 44*f + 8. Let l be (60/(-8))/(6/(-4)). Let v = 10 - l. Determine q(v).
6
Suppose -2*y + 2 + 4 = 0. Let h(v) = 2*v + 0*v - 3*v + y*v + 2*v**2. Let n(o) = 3*o**2 + 5*o - 1. Let x(s) = 5*h(s) - 3*n(s). Give x(4).
-1
Let t(j) = -j**2 - 8*j + 7. Suppose 26 = -2*q - 5*y, -4*q - 3*y - 48 + 10 = 0. Let s be t(q). Let k(m) = m - 1. Give k(s).
6
Suppose -52 = -11*w - 118. Let n(c) = -c**3 - 6*c - 2*c**2 - 5*c**2 + 7 + 0*c**3. Determine n(w).
7
Let x(s) = 2*s**2 + 6*s - 13. Let d(b) = -2*b**2 - 8*b + 13. Let j(f) = 7*d(f) + 6*x(f). Determine j(-11).
-9
Let c = 0 + -6. Let s(h) = -5*h**3 - 7*h**2 - 8*h. Let q(o) = 9*o**3 + 14*o**2 + 15*o - 2. Let y(u) = -4*q(u) - 7*s(u). Give y(c).
-4
Let t(o) = -o**2 + 4*o. Let b be t(3). Suppose 17 = -b*s + 38. Let z(q) = 0*q**3 + 5*q**2 + q**3 - 1 - s*q + 1. Give z(-6).
6
Let m be (-2)/(-1) - 2/(-2). Let f(h) be the third derivative of 0 + 0*h - 1/2*h**3 - 41*h**2 + 1/8*h**4. Give f(m).
6
Let c(l) = 208*l - 97*l - 2*l**2 - 98*l + 4. Determine c(7).
-3
Let d(j) = j**2 - 14*j - 10*j + 29*j - 6. Let s(c) = -4*c**2 - 19*c + 25. Let q(v) = -9*d(v) - 2*s(v). Calculate q(-6).
10
Let y(o) be the second derivative of -o**6/720 - o**5/120 - o**4/3 + 5*o. Let g(p) be the third derivative of y(p). Give g(5).
-6
Let c(t) = -11*t - 11*t - 3 + 13*t + 16*t + 5. Give c(-5).
-33
Let c(d) = -d**3 + 10*d**2 - 2*d + 13. Suppose 0 = 4*y - 3*y - 10. Let t be c(y). Let v(l) = l**2 + 8*l + 6. Determine v(t).
-1
Let z(o) = 4*o - 6. Let m(l) = l - 1. Let d(h) = 6*m(h) - z(h). Suppose 9*c - 8*c + 5 = 0. What is d(c)?
-10
Let z(y) = -43. Let s(l) = 19. Let a(u) = 9*s(u) + 4*z(u). Let x(h) be the third derivative of h**4/8 - h**3 + h**2. Let n(p) = 6*a(p) - x(p). Calculate n(5).
-15
Let t(m) = -7*m + 5. Let c(f) = 11*f - 7. Let i(h) = -5*c(h) - 8*t(h). Suppose 4*s - 12 = 0, 3*x + 22 = 3*s + 46. Calculate i(x).
6
Let j(c) = -c**3 - 26*c**2 + 27*c - 7. Let d be j(-27). Let w(s) = s**3 + 6*s**2 - 5*s + 10. Give w(d).
-4
Let c(d) = d**3 - 23*d**2 - 4*d + 2. Let l(z) = 2*z**3 - 51*z**2 - 9*z + 4. Let p(w) = 9*c(w) - 4*l(w). Determine p(2).
-2
Let b(z) be the third derivative of 0*z - 1/2*z**3 + 1/8*z**4 - 2*z**2 + 0. Let j(c) = -c**2 - 12*c - 31. Let v be j(-5). Give b(v).
9
Let z be 4/(-1) + 39/3. Let n = z - 4. Let p(b) = 4*b - 1. Calculate p(n).
19
Suppose h - 4 = 3*h. Let s = h - 0. Let i(o) = 0*o**2 + 28*o + 2*o**3 - 86*o - 3 + 29*o + 2*o**2 + 26*o. Determine i(s).
-5
Let p(l) be the second derivative of -l**3/3 + 6*l**2 - 96*l. Calculate p(8).
-4
Let d(k) = -4*k**2 + 1. Let c(t) = 13*t**2 + t - 4. Let j(p) = -2*c(p) - 7*d(p). Let q = -24 + 9. Let l be -2 + 1 - (-18 - q). Calculate j(l).
5
Suppose 2*a + 2*a - 16 = 0. Let z = -3 - -3. Let f(t) = -6 + 2 - 2*t + z + 9. Determine f(a).
-3
Let f(b) = -10*b - b - b**2 + 0 + 2*b + 9. Determine f(-10).
-1
Suppose 5*l - 11 = -3*t, l + 2 = 5*t + 21. Let f(q) = 2*q - 3. Let k(c) = -4*c + 6. Let x(m) = -5*f(m) - 3*k(m). Give x(l).
5
Let o(q) be the third derivative of -q**5/20 + q**4/8 - q**3/3 - 3*q**2 - 6. Give o(1).
-2
Suppose 3*f - 5*a + 35 = 0, 38 = -4*f + 2*a + 10. Let g(q) = -2 - 34*q**3 + 20*q**3 - 4*q**2 + 7*q + 13*q**3. What is g(f)?
-12
Let c(s) = s**3 - 16*s**2 + 27*s + 5. Let d be c(14). Let h(z) = z**2 + 10*z + 6. Determine h(d).
-3
Suppose 5*b + 3*v = 6, 3*b = -v - 2*v. Let l = 1 - b. Let u(s) = -98*s - 5. Let t(i) = -71*i - 4. Let g(d) = -7*t(d) + 5*u(d). Determine g(l).
-11
Let c be (-4)/(3*(-1)/12). Suppose -2*d - c = -6*d. Let i be (d/2 - 3)*1. Let h(g) = 7*g**2 + 2*g + 1. Calculate h(i).
6
Let s(n) = -11123*n + n**3 + 9 + 5560*n + 5557*n - 5*n**2. Let u(v) = v**3 + 4*v**2 + v. Let x be u(-3). Give s(x).
9
Let g be 18/10*(-10)/(-3). Let i(z) = -3*z**3 - 19*z**2 + 15*z + 7. Let d(m) = 2*m**3 + 10*m**2 - 8*m - 3. Let t(y) = 5*d(y) + 3*i(y). What is t(g)?
0
Let s(t) = t**3 + 2*t**2 - 2*t - 2. Let j be 4/(-72)*4 - 76/(-18). Let b = j + -6. What is s(b)?
2
Let r(v) = -v**2 + 6*v + 3. Let u be 4/20*(8 - -17). What is r(u)?
8
Suppose -3*l + 6 + 9 = 0. Let b(x) = 6 - 2*x - l + 0*x + 0. Give b(-1).
3
Let c(i) = 12*i**2 - 15*i**2 - 2*i**2 + 4 - i**3 - 4*i + 2*i + 9*i**2. What is c(4)?
-4
Let y(f) be the second derivative of -f**3/6 - f. Let g be y(-4). Let r(w) = -w - 2. Let i(d) = -d. Let z(c) = 4*i(c) - r(c). Determine z(g).
-10
Let w(z) = z**2 - z + 15. Let i be w(0). Let r(j) = -16 + 55 - i - 26 + 2*j. Calculate r(3).
4
Let h(f) be the second derivative of -f**5/20 - 2*f**4/3 - 4*f**3/3 - f**2/2 - 196*f. Give h(-7).
6
Let q(y) be the third derivative of 0*y + 1/60*y**5 + 1/24*y**4 + 13/6*y**3 + 0 + 5*y**2. What is q(0)?
13
Suppose -2*a + 6*a = 8. Let k(m) = -14*m + 0 + m**3 + 10 + 8*m + 6*m**a. Suppose 0 = -3*v + v - 14. Determine k(v).
3
Let b(q) = -q**3 - 10*q**2 - 7*q - 22. Let a(k) = 2*k**2 - 3*k - 10. Let i be a(0). Give b(i).
48
Let c be (-1 + 0)*0/12. Suppose c = 5*h - 7 - 3. Let o(j) = 3*j**2 - 4*j + 3. What is o(h)?
7
Let g(w) = -w**3 - 6*w**2 - 5*w - 7. Let l be 18/42 - 50/(-14). Suppose 0 = -l*p + 7*p - 30. Let x = 5 - p. What is g(x)?
-7
Let f(t) = 0 - 1 + 2*t + 0*t. Suppose -3 - 1 = 4*w, -2*k - 2*w = -2. Dete